True
Is 64 a factor of 8383360?
True
Does 211 divide 166690?
True
Is 623 a factor of 12356582?
True
Is 217 a factor of 7929979?
False
Is 10 a factor of 15840?
True
Is 13 a factor of 62572?
False
Is 4008079 a multiple of 15?
False
Is 425122 a multiple of 5?
False
Does 44 divide 64680?
True
Is 5352054 a multiple of 81?
False
Does 8 divide 148192?
True
Does 40 divide 1681722?
False
Does 36 divide 993816?
True
Is 3796782 a multiple of 36?
False
Does 368 divide 3946034?
False
Is 3366932 a multiple of 883?
False
Is 19687971 a multiple of 198?
False
Is 52 a factor of 1452804?
False
Is 8 a factor of 1334416?
True
Is 562 a factor of 21259244?
False
Is 1567108 a multiple of 802?
True
Is 228 a factor of 9532884?
False
Is 61 a factor of 136668?
False
Is 3351068 a multiple of 266?
True
Is 12 a factor of 907395?
False
Is 155 a factor of 4808100?
True
Does 31 divide 3449697?
False
Does 82 divide 93333?
False
Does 447 divide 7315631?
False
Is 481 a factor of 3584893?
True
Does 78 divide 29365?
False
Is 32 a factor of 3907008?
True
Does 5 divide 254708?
False
Does 310 divide 3715970?
True
Is 93080 a multiple of 26?
True
Does 125 divide 477115?
False
Is 32 a factor of 2125952?
True
Is 2418174 a multiple of 297?
True
Is 2 a factor of 45142?
True
Is 682 a factor of 4409117?
False
Is 47 a factor of 8004241?
True
Is 502 a factor of 195278?
True
Does 62 divide 1275402?
True
Does 666 divide 73664?
False
Is 80350 a multiple of 25?
True
Is 4313837 a multiple of 7?
False
Is 134 a factor of 1306961?
False
Does 37 divide 139897?
True
Does 87 divide 627966?
True
Is 29 a factor of 1142600?
True
Does 77 divide 647339?
True
Does 195 divide 4706850?
False
Does 15 divide 175981?
False
Does 7 divide 7037457?
True
Is 51539 a multiple of 17?
False
Is 4 a factor of 208335?
False
Does 101 divide 117480?
False
Is 28083104 a multiple of 113?
False
Is 6799317 a multiple of 9?
False
Does 52 divide 27869088?
True
Does 28 divide 3295768?
True
Does 237 divide 1414890?
True
Is 250 a factor of 491750?
True
Is 15 a factor of 190986?
False
Does 14 divide 1965403?
False
Is 408 a factor of 926607?
False
Does 97 divide 9297353?
True
Does 1439 divide 17079962?
False
Is 7813052 a multiple of 60?
False
Is 383 a factor of 202224?
True
Is 61 a factor of 445204?
False
Does 8 divide 43560?
True
Is 473 a factor of 105878?
False
Is 131440 a multiple of 265?
True
Does 639 divide 1167453?
True
Is 168350 a multiple of 25?
True
Is 24 a factor of 3636974?
False
Is 302834 a multiple of 97?
True
Does 47 divide 14580622?
True
Is 4844134 a multiple of 146?
True
Is 145131 a multiple of 21?
True
Is 27841 a multiple of 11?
True
Does 4 divide 5382?
False
Is 21575681 a multiple of 183?
False
Is 1191915 a multiple of 6?
False
Does 3 divide 14313?
True
Is 1871 a factor of 6995669?
True
Is 64998 a multiple of 226?
False
Does 99 divide 136125?
True
Does 106 divide 146492?
True
Is 622 a factor of 3777406?
True
Is 178 a factor of 251509?
False
Is 69 a factor of 41469?
True
Is 358304 a multiple of 117?
False
Does 30 divide 3233142?
False
Does 91 divide 8386105?
True
Is 258 a factor of 293712?
False
Is 12 a factor of 774348?
True
Does 15 divide 406712?
False
Does 2 divide 176852?
True
Is 10 a factor of 186229?
False
Is 134556 a multiple of 340?
False
Does 79 divide 9085?
True
Does 34 divide 302668?
True
Does 8 divide 49472?
True
Is 211 a factor of 286327?
True
Is 102 a factor of 43203?
False
Is 216720 a multiple of 84?
True
Is 1278 a factor of 11194002?
True
Is 1923600 a multiple of 120?
True
Is 2112846 a multiple of 1009?
True
Does 186 divide 40640?
False
Is 2748686 a multiple of 139?
False
Does 132 divide 152724?
True
Does 97 divide 2905441?
True
Does 17 divide 165356?
False
Does 19 divide 1114464?
True
Is 27 a factor of 7679?
False
Is 19143 a multiple of 13?
False
Is 5536482 a multiple of 366?
True
Is 555 a factor of 68020?
False
Is 93077 a multiple of 303?
False
Is 244 a factor of 202032?
True
Is 7 a factor of 38545?
False
Is 33000 a multiple of 66?
True
Is 1018956 a multiple of 12?
True
Is 28 a factor of 3991834?
False
Is 15 a factor of 112278?
False
Does 298 divide 8176822?
True
Does 641 divide 7263171?
True
Is 1597508 a multiple of 6?
False
Is 2097963 a multiple of 63?
True
Does 8 divide 99540?
False
Is 4800210 a multiple of 795?
True
Is 313565 a multiple of 289?
True
Is 15 a factor of 1466613?
False
Is 324 a factor of 369036?
True
Does 89 divide 2434506?
True
Is 16 a factor of 9489?
False
Is 5 a factor of 66797?
False
Does 165 divide 6939735?
True
Is 59110 a multiple of 46?
True
Does 7 divide 53619?
False
Is 16 a factor of 641034?
False
Does 271 divide 8307479?
False
Is 4308048 a multiple of 12?
True
Does 176 divide 2952752?
True
Is 11 a factor of 529161?
False
Is 145060 a multiple of 4?
True
Is 590964 a multiple of 12?
True
Is 83 a factor of 4312929?
True
Is 3913120 a multiple of 16?
True
Does 214 divide 2140642?
True
Does 21 divide 7574433?
False
Does 1230 divide 14364126?
False
Is 1066 a factor of 735540?
True
Does 25 divide 14950?
True
Does 41 divide 401390?
True
Is 917200 a multiple of 25?
True
Does 20 divide 48761?
False
Is 565 a factor of 3659587?
False
Is 6 a factor of 25578?
True
Is 1095 a factor of 2690936?
False
Does 167 divide 247810?
False
Is 9 a factor of 4240089?
True
Is 102421 a multiple of 6?
False
Does 521 divide 5294367?
False
Does 244 divide 787289?
False
Is 3635835 a multiple of 41?
False
Does 33 divide 1154406?
True
Does 705 divide 3426300?
True
Is 511171 a multiple of 192?
False
Is 825 a factor of 2063325?
True
Does 2 divide 12376?
True
Is 236 a factor of 96288?
True
Does 483 divide 570656?
False
Does 5 divide 455435?
True
Is 354 a factor of 5327700?
True
Is 120 a factor of 199048?
False
Is 6592995 a multiple of 219?
True
Does 164 divide 138453?
False
Does 215 divide 9925260?
True
Is 126636 a multiple of 366?
True
Does 31 divide 30351?
False
Is 564 a factor of 4303413?
False
Is 69 a factor of 113367?
True
Is 358 a factor of 3111736?
True
Is 32 a factor of 166632?
False
Is 411596 a multiple of 9?
False
Does 32 divide 62144?
True
Is 4896733 a multiple of 267?
False
Does 23 divide 22908?
True
Is 155975 a multiple of 511?
False
Is 12 a factor of 933289?
False
Does 10 divide 23102?
False
Is 17625972 a multiple of 156?
True
Does 98 divide 6049880?
False
Is 132 a factor of 255420?
True
Is 17 a factor of 413394?
False
Is 116 a factor of 3719392?
False
Does 13 divide 54405?
True
Is 959248 a multiple of 668?
True
Is 3 a factor of 57543?
True
Is 1571353 a multiple of 13?
False
Is 680974 a multiple of 383?
True
Does 12 divide 55552?
False
Is 29302 a multiple of 21?
False
Is 4892565 a multiple of 15?
True
Does 573 divide 709947?
True
Does 17 divide 1171246?
False
Is 20 a factor of 9749823?
False
Does 734 divide 974018?
True
Is 17 a factor of 16592?
True
Is 12936 a multiple of 15?
False
Is 12 a factor of 1428012?
True
Is 419 a factor of 2823157?
False
Does 70 divide 1764070?
True
Is 10552807 a multiple of 187?
False
Is 12 a factor of 1745232?
True
Does 52 divide 4094761?
False
Is 4282477 a multiple of 148?
False
Is 536 a factor of 206076?
False
Is 208 a factor of 356720?
True
Does 3 divide 12111?
True
Is 21 a factor of 457995?
False
Does 48 divide 166176?
True
Is 614415 a multiple of 186?
False
Is 30 a factor of 4035260?
False
Is 18 a factor of 277272?
True
Does 54 divide 480486?
False
Does 34 divide 462796?
False
Does 16 divide 136016?
True
Is 1928080 a multiple of 80?
True
Is 20340887 a multiple of 491?
False
Is 992514 a multiple of 498?
True
Is 650 a factor of 580759?
False
Is 2696218 a multiple of 787?
False
Is 19 a factor of 764218?
True
Does 3 divide 42398?
False
Is 797004 a multiple of 468?
True
Is 476090 a multiple of 31?
False
Is 224026 a multiple of 12?
False
Is 166536 a multiple of 72?
True
Does 6 divide 64752?
True
Is 36007 a multiple of 16?
False
Is 13 a factor of 265971?
False
Is 3 a factor of 3498?
True
Is 1799775 a multiple of 1263?
True
Is 54 a factor of 4897729?
False
Is 377859 a multiple of 123?
False
Does 316 divide 2726448?
True
Is 912 a factor of 12671328?
True
Does 9 divide 2709?
True
Is 9148860 a multiple of 63?
True
Is 101200 a multiple of 80?
True
Does 45 divide 124722?
False
Is 1447469 a multiple of 61?
True
Is 1492977 a multiple of 415?
False
Does 8 divide 90436?
False
Is 29 a 